{"id":9,"date":"2020-08-06T13:22:56","date_gmt":"2020-08-06T16:22:56","guid":{"rendered":"https:\/\/giulianacividanes.com.br\/consulta\/?page_id=9"},"modified":"2023-05-02T10:51:28","modified_gmt":"2023-05-02T13:51:28","slug":"home","status":"publish","type":"page","link":"https:\/\/formmaplena.com.br\/clinicadeemagrecimento\/","title":{"rendered":"Tratamento de emagrecimento"},"content":{"rendered":"\t\t<div data-elementor-type=\"wp-page\" data-elementor-id=\"9\" class=\"elementor elementor-9\" data-elementor-post-type=\"page\">\n\t\t\t\t\t\t<section class=\"elementor-section elementor-top-section elementor-element elementor-element-74889c07 elementor-section-boxed elementor-section-height-default elementor-section-height-default\" data-id=\"74889c07\" data-element_type=\"section\" data-e-type=\"section\">\n\t\t\t\t\t\t<div class=\"elementor-container elementor-column-gap-default\">\n\t\t\t\t\t<div class=\"elementor-column elementor-col-100 elementor-top-column elementor-element elementor-element-726cc9c5\" data-id=\"726cc9c5\" data-element_type=\"column\" data-e-type=\"column\">\n\t\t\t<div class=\"elementor-widget-wrap elementor-element-populated\">\n\t\t\t\t\t\t<div class=\"elementor-element elementor-element-4e1e8a6f elementor-widget elementor-widget-text-editor\" data-id=\"4e1e8a6f\" data-element_type=\"widget\" data-e-type=\"widget\" data-widget_type=\"text-editor.default\">\n\t\t\t\t<div class=\"elementor-widget-container\">\n\t\t\t\t\t\t\t\t\t\n<p>A cl\u00ednica <strong>Formma Plena<\/strong> \u00e9 focada no emagrecimento saud\u00e1vel. E para isso, conta com v\u00e1rios protocolos para quem deseja emagrecer com sa\u00fade, oferecendo um programa personalizado e individualizado que somente ser\u00e1 indicado ap\u00f3s uma consulta m\u00e9dica.<\/p>\n\n\n\n<p>Todos os tratamentos s\u00e3o realizados com acompanhamento m\u00e9dico e nutricionista.<\/p>\n\n\n\n<p>O nosso objetivo \u00e9 promover o controle de dist\u00farbios metab\u00f3licos, permitindo que o indiv\u00edduo possa chegar ao seu peso ideal de forma segura e com sa\u00fade.<\/p>\n\n\n\n<p>Os tratamentos s\u00e3o personalizados para combater o sobrepeso, a obesidade e demais doen\u00e7as, como hipertens\u00e3o arterial, cardiopatias, diabetes etc. em seus mais variados graus. Contamos tamb\u00e9m com aplica\u00e7\u00f5es de <strong>Enzimas Lipol\u00edticas<\/strong> para acelerar a perda de peso e redu\u00e7\u00e3o de gordura localizada.<\/p>\n\t\t\t\t\t\t\t\t<\/div>\n\t\t\t\t<\/div>\n\t\t\t\t\t<\/div>\n\t\t<\/div>\n\t\t\t\t\t<\/div>\n\t\t<\/section>\n\t\t\t\t<\/div>\n\t\t","protected":false},"excerpt":{"rendered":"<p>A cl\u00ednica Formma Plena \u00e9 focada no emagrecimento saud\u00e1vel. E para isso, conta com v\u00e1rios protocolos para quem deseja emagrecer com sa\u00fade, oferecendo um programa personalizado e individualizado que somente ser\u00e1 indicado ap\u00f3s uma consulta m\u00e9dica. Todos os tratamentos s\u00e3o realizados com acompanhamento m\u00e9dico e nutricionista. O nosso objetivo \u00e9 promover o controle de dist\u00farbios [&hellip;]<\/p>\n","protected":false},"author":1,"featured_media":281,"parent":0,"menu_order":0,"comment_status":"closed","ping_status":"closed","template":"","meta":{"_acf_changed":false,"footnotes":""},"class_list":["post-9","page","type-page","status-publish","has-post-thumbnail","hentry"],"acf":[],"yoast_head":"<!-- This site is optimized with the Yoast SEO plugin v27.4 - https:\/\/yoast.com\/product\/yoast-seo-wordpress\/ -->\n<title>Tratamento de emagrecimento - Formma Plena<\/title>\n<meta name=\"description\" content=\"A cl\u00ednica Formma Plena \u00e9 focada no emagrecimento saud\u00e1vel. E para isso, conta com v\u00e1rios protocolos para quem deseja emagrecer com sa\u00fade\" \/>\n<meta name=\"robots\" content=\"index, follow, max-snippet:-1, max-image-preview:large, max-video-preview:-1\" \/>\n<link rel=\"canonical\" href=\"https:\/\/formmaplena.com.br\/clinicadeemagrecimento\/\" \/>\n<meta property=\"og:locale\" content=\"pt_BR\" \/>\n<meta property=\"og:type\" content=\"article\" \/>\n<meta property=\"og:title\" content=\"Tratamento de emagrecimento - Formma Plena\" \/>\n<meta property=\"og:description\" content=\"A cl\u00ednica Formma Plena \u00e9 focada no emagrecimento saud\u00e1vel. E para isso, conta com v\u00e1rios protocolos para quem deseja emagrecer com sa\u00fade\" \/>\n<meta property=\"og:url\" content=\"https:\/\/formmaplena.com.br\/clinicadeemagrecimento\/\" \/>\n<meta property=\"og:site_name\" content=\"Formma Plena\" \/>\n<meta property=\"article:publisher\" content=\"https:\/\/www.facebook.com\/formmaplenaemagrecimento\/\" \/>\n<meta property=\"article:modified_time\" content=\"2023-05-02T13:51:28+00:00\" \/>\n<meta property=\"og:image\" content=\"https:\/\/formmaplena.com.br\/clinicadeemagrecimento\/wp-content\/uploads\/2020\/10\/banner-home.jpg\" \/>\n\t<meta property=\"og:image:width\" content=\"1923\" \/>\n\t<meta property=\"og:image:height\" content=\"600\" \/>\n\t<meta property=\"og:image:type\" content=\"image\/jpeg\" \/>\n<meta name=\"twitter:card\" content=\"summary_large_image\" \/>\n<meta name=\"twitter:label1\" content=\"Est. tempo de leitura\" \/>\n\t<meta name=\"twitter:data1\" content=\"1 minuto\" \/>\n<script type=\"application\/ld+json\" class=\"yoast-schema-graph\">{\"@context\":\"https:\\\/\\\/schema.org\",\"@graph\":[{\"@type\":\"WebPage\",\"@id\":\"https:\\\/\\\/formmaplena.com.br\\\/clinicadeemagrecimento\\\/\",\"url\":\"https:\\\/\\\/formmaplena.com.br\\\/clinicadeemagrecimento\\\/\",\"name\":\"Tratamento de emagrecimento - Formma Plena\",\"isPartOf\":{\"@id\":\"https:\\\/\\\/formmaplena.com.br\\\/clinicadeemagrecimento\\\/#website\"},\"primaryImageOfPage\":{\"@id\":\"https:\\\/\\\/formmaplena.com.br\\\/clinicadeemagrecimento\\\/#primaryimage\"},\"image\":{\"@id\":\"https:\\\/\\\/formmaplena.com.br\\\/clinicadeemagrecimento\\\/#primaryimage\"},\"thumbnailUrl\":\"https:\\\/\\\/formmaplena.com.br\\\/clinicadeemagrecimento\\\/wp-content\\\/uploads\\\/2020\\\/10\\\/banner-home.jpg\",\"datePublished\":\"2020-08-06T16:22:56+00:00\",\"dateModified\":\"2023-05-02T13:51:28+00:00\",\"description\":\"A cl\u00ednica Formma Plena \u00e9 focada no emagrecimento saud\u00e1vel. E para isso, conta com v\u00e1rios protocolos para quem deseja emagrecer com sa\u00fade\",\"breadcrumb\":{\"@id\":\"https:\\\/\\\/formmaplena.com.br\\\/clinicadeemagrecimento\\\/#breadcrumb\"},\"inLanguage\":\"pt-BR\",\"potentialAction\":[{\"@type\":\"ReadAction\",\"target\":[\"https:\\\/\\\/formmaplena.com.br\\\/clinicadeemagrecimento\\\/\"]}]},{\"@type\":\"ImageObject\",\"inLanguage\":\"pt-BR\",\"@id\":\"https:\\\/\\\/formmaplena.com.br\\\/clinicadeemagrecimento\\\/#primaryimage\",\"url\":\"https:\\\/\\\/formmaplena.com.br\\\/clinicadeemagrecimento\\\/wp-content\\\/uploads\\\/2020\\\/10\\\/banner-home.jpg\",\"contentUrl\":\"https:\\\/\\\/formmaplena.com.br\\\/clinicadeemagrecimento\\\/wp-content\\\/uploads\\\/2020\\\/10\\\/banner-home.jpg\",\"width\":1923,\"height\":600,\"caption\":\"Tratamento de emagrecimento\"},{\"@type\":\"BreadcrumbList\",\"@id\":\"https:\\\/\\\/formmaplena.com.br\\\/clinicadeemagrecimento\\\/#breadcrumb\",\"itemListElement\":[{\"@type\":\"ListItem\",\"position\":1,\"name\":\"Home\",\"item\":\"https:\\\/\\\/formmaplena.com.br\\\/clinicadeemagrecimento\\\/\"},{\"@type\":\"ListItem\",\"position\":2,\"name\":\"Tratamento de emagrecimento\"}]},{\"@type\":\"WebSite\",\"@id\":\"https:\\\/\\\/formmaplena.com.br\\\/clinicadeemagrecimento\\\/#website\",\"url\":\"https:\\\/\\\/formmaplena.com.br\\\/clinicadeemagrecimento\\\/\",\"name\":\"Formma Plena\",\"description\":\"A cl\u00ednica Formma Plena \u00e9 focada no emagrecimento saud\u00e1vel. E para isso, conta com v\u00e1rios protocolos para quem deseja emagrecer com sa\u00fade, oferecendo um programa personalizado e individualizado que somente ser\u00e1 indicado ap\u00f3s consulta m\u00e9dica\",\"potentialAction\":[{\"@type\":\"SearchAction\",\"target\":{\"@type\":\"EntryPoint\",\"urlTemplate\":\"https:\\\/\\\/formmaplena.com.br\\\/clinicadeemagrecimento\\\/?s={search_term_string}\"},\"query-input\":{\"@type\":\"PropertyValueSpecification\",\"valueRequired\":true,\"valueName\":\"search_term_string\"}}],\"inLanguage\":\"pt-BR\"}]}<\/script>\n<!-- \/ Yoast SEO plugin. -->","yoast_head_json":{"title":"Tratamento de emagrecimento - Formma Plena","description":"A cl\u00ednica Formma Plena \u00e9 focada no emagrecimento saud\u00e1vel. E para isso, conta com v\u00e1rios protocolos para quem deseja emagrecer com sa\u00fade","robots":{"index":"index","follow":"follow","max-snippet":"max-snippet:-1","max-image-preview":"max-image-preview:large","max-video-preview":"max-video-preview:-1"},"canonical":"https:\/\/formmaplena.com.br\/clinicadeemagrecimento\/","og_locale":"pt_BR","og_type":"article","og_title":"Tratamento de emagrecimento - Formma Plena","og_description":"A cl\u00ednica Formma Plena \u00e9 focada no emagrecimento saud\u00e1vel. E para isso, conta com v\u00e1rios protocolos para quem deseja emagrecer com sa\u00fade","og_url":"https:\/\/formmaplena.com.br\/clinicadeemagrecimento\/","og_site_name":"Formma Plena","article_publisher":"https:\/\/www.facebook.com\/formmaplenaemagrecimento\/","article_modified_time":"2023-05-02T13:51:28+00:00","og_image":[{"width":1923,"height":600,"url":"https:\/\/formmaplena.com.br\/clinicadeemagrecimento\/wp-content\/uploads\/2020\/10\/banner-home.jpg","type":"image\/jpeg"}],"twitter_card":"summary_large_image","twitter_misc":{"Est. tempo de leitura":"1 minuto"},"schema":{"@context":"https:\/\/schema.org","@graph":[{"@type":"WebPage","@id":"https:\/\/formmaplena.com.br\/clinicadeemagrecimento\/","url":"https:\/\/formmaplena.com.br\/clinicadeemagrecimento\/","name":"Tratamento de emagrecimento - Formma Plena","isPartOf":{"@id":"https:\/\/formmaplena.com.br\/clinicadeemagrecimento\/#website"},"primaryImageOfPage":{"@id":"https:\/\/formmaplena.com.br\/clinicadeemagrecimento\/#primaryimage"},"image":{"@id":"https:\/\/formmaplena.com.br\/clinicadeemagrecimento\/#primaryimage"},"thumbnailUrl":"https:\/\/formmaplena.com.br\/clinicadeemagrecimento\/wp-content\/uploads\/2020\/10\/banner-home.jpg","datePublished":"2020-08-06T16:22:56+00:00","dateModified":"2023-05-02T13:51:28+00:00","description":"A cl\u00ednica Formma Plena \u00e9 focada no emagrecimento saud\u00e1vel. E para isso, conta com v\u00e1rios protocolos para quem deseja emagrecer com sa\u00fade","breadcrumb":{"@id":"https:\/\/formmaplena.com.br\/clinicadeemagrecimento\/#breadcrumb"},"inLanguage":"pt-BR","potentialAction":[{"@type":"ReadAction","target":["https:\/\/formmaplena.com.br\/clinicadeemagrecimento\/"]}]},{"@type":"ImageObject","inLanguage":"pt-BR","@id":"https:\/\/formmaplena.com.br\/clinicadeemagrecimento\/#primaryimage","url":"https:\/\/formmaplena.com.br\/clinicadeemagrecimento\/wp-content\/uploads\/2020\/10\/banner-home.jpg","contentUrl":"https:\/\/formmaplena.com.br\/clinicadeemagrecimento\/wp-content\/uploads\/2020\/10\/banner-home.jpg","width":1923,"height":600,"caption":"Tratamento de emagrecimento"},{"@type":"BreadcrumbList","@id":"https:\/\/formmaplena.com.br\/clinicadeemagrecimento\/#breadcrumb","itemListElement":[{"@type":"ListItem","position":1,"name":"Home","item":"https:\/\/formmaplena.com.br\/clinicadeemagrecimento\/"},{"@type":"ListItem","position":2,"name":"Tratamento de emagrecimento"}]},{"@type":"WebSite","@id":"https:\/\/formmaplena.com.br\/clinicadeemagrecimento\/#website","url":"https:\/\/formmaplena.com.br\/clinicadeemagrecimento\/","name":"Formma Plena","description":"A cl\u00ednica Formma Plena \u00e9 focada no emagrecimento saud\u00e1vel. E para isso, conta com v\u00e1rios protocolos para quem deseja emagrecer com sa\u00fade, oferecendo um programa personalizado e individualizado que somente ser\u00e1 indicado ap\u00f3s consulta m\u00e9dica","potentialAction":[{"@type":"SearchAction","target":{"@type":"EntryPoint","urlTemplate":"https:\/\/formmaplena.com.br\/clinicadeemagrecimento\/?s={search_term_string}"},"query-input":{"@type":"PropertyValueSpecification","valueRequired":true,"valueName":"search_term_string"}}],"inLanguage":"pt-BR"}]}},"_links":{"self":[{"href":"https:\/\/formmaplena.com.br\/clinicadeemagrecimento\/wp-json\/wp\/v2\/pages\/9","targetHints":{"allow":["GET"]}}],"collection":[{"href":"https:\/\/formmaplena.com.br\/clinicadeemagrecimento\/wp-json\/wp\/v2\/pages"}],"about":[{"href":"https:\/\/formmaplena.com.br\/clinicadeemagrecimento\/wp-json\/wp\/v2\/types\/page"}],"author":[{"embeddable":true,"href":"https:\/\/formmaplena.com.br\/clinicadeemagrecimento\/wp-json\/wp\/v2\/users\/1"}],"replies":[{"embeddable":true,"href":"https:\/\/formmaplena.com.br\/clinicadeemagrecimento\/wp-json\/wp\/v2\/comments?post=9"}],"version-history":[{"count":0,"href":"https:\/\/formmaplena.com.br\/clinicadeemagrecimento\/wp-json\/wp\/v2\/pages\/9\/revisions"}],"wp:featuredmedia":[{"embeddable":true,"href":"https:\/\/formmaplena.com.br\/clinicadeemagrecimento\/wp-json\/wp\/v2\/media\/281"}],"wp:attachment":[{"href":"https:\/\/formmaplena.com.br\/clinicadeemagrecimento\/wp-json\/wp\/v2\/media?parent=9"}],"curies":[{"name":"wp","href":"https:\/\/api.w.org\/{rel}","templated":true}]}}